5)/(-10)*-3. Suppose -41 + g = -4*m. Suppose 0 = -5*j - m*q + 210, -5*j + q + 29 + 157 = 0. What is the tens digit of j?
3
Let s(y) = -5*y**2 - y**3 - 3*y - 289 + 2*y**3 + 307. What is the units digit of s(9)?
5
What is the thousands digit of (((-2)/(-6))/(14/(-1246)))/((-19)/5358)?
8
Let k be 15/((12/30)/((-4)/5)). What is the hundreds digit of 777/2*(-20)/k?
2
Let k = 9349 - 3426. What is the thousands digit of k?
5
Suppose 1792 = 4*s - 2*f, 92*s - 87*s - 2240 = -f. What is the units digit of s?
8
Let m(n) = -n**3 + 2*n**2 + 4*n + 2. Let c be m(-11). Let y be (4 + -3)*(4 + c). Suppose -10*k + 1335 = -y. What is the hundreds digit of k?
2
Suppose -2*g - 16 = -22. Suppose g*j + 624 = -3*j. Let d = j + 260. What is the hundreds digit of d?
1
What is the thousands digit of (-8)/(-16) + 81304/16?
5
Suppose 3*y - 39 = -24. Let b(l) = 57*l**2 + 29*l - 70. What is the hundreds digit of b(y)?
5
Let w = -40 - -33. Let h be 3 + w - (-12)/6. Let g = h + 10. What is the units digit of g?
8
Let y(q) = q**2 - 11. Let z be y(-3). Let r be ((-1)/z)/((-3)/(-79 - -1)). Suppose -246 = r*p - 14*p. What is the hundreds digit of p?
2
Suppose -7*p - 5 = -8*p, -2*h + 3*p - 9 = 0. Suppose -h*x + 751 = -224. What is the hundreds digit of x?
3
Let c(y) = -y**3 - 14*y**2 - 12*y + 14. Let i be c(-13). Let g be -1*2*i/((-8)/4). What is the units digit of 1940/10 - g*4?
0
Let u be 38 + 8 - (-7)/(7/(-4)). Let y(m) = m**2 - 41*m - 16. What is the tens digit of y(u)?
2
Suppose 4*w = 5*h - 150026, 87*w + 90026 = 3*h + 82*w. What is the thousands digit of h?
0
Suppose 3*d - 2 = -2*q, -q - 3*q - 36 = -4*d. Suppose 27 = -d*h + 2*w - 79, 3*w - 78 = 3*h. What is the units digit of (0 - -300)*h/(-36)?
5
Let u = -65 - -65. Let r = 48 + -48. Suppose u = -r*y + 8*y - 288. What is the units digit of y?
6
Let w(d) be the second derivative of 5*d + 1/6*d**3 + 3/2*d**2 + 0 + 0*d**4 + 1/20*d**5. What is the units digit of w(3)?
3
Let u = -7520 - -35850. What is the tens digit of u?
3
Suppose 14*g + 4 = 16*g. Suppose 10 = -g*j, i - 2*j - 86 = 280. What is the tens digit of i?
5
Let t be 0/((-3)/(-3) - -1). Suppose -2*o - 20 + 248 = t. What is the hundreds digit of o?
1
Let j = -1379 + 909. Let w = -186 - j. What is the tens digit of w?
8
Let d be -1 - 104 - (11 - 7). Let g = d + -57. Let n = g - -265. What is the tens digit of n?
9
Suppose -2*k - 3*m + 8*m = -22, 0 = k + 3*m. Suppose 0 = -9*a + k + 39. Suppose 5*i + a*b - 70 = 0, i - 3*b - 29 = -b. What is the tens digit of i?
1
Suppose -4*k - 5009 + 19725 = 0. Let i = k - 2150. Suppose 4*r = -7*r + i. What is the tens digit of r?
3
Suppose 3*u + u = -440. Let c be (6 - (-1 - -4)) + (0 - u). Let g = 238 - c. What is the hundreds digit of g?
1
Let o(n) = 8*n**2 - 14*n + 251. What is the tens digit of o(19)?
7
Let s(l) = 11*l + 91. Suppose 147 = 5*d + x, 3*d - 4*x + 9 = 88. What is the hundreds digit of s(d)?
4
What is the hundreds digit of 2045*-91*(-20)/350?
6
Let a(j) = 4*j + 27. Let v be a(-11). Let q = 24 + v. Suppose -c - 492 = -q*c. What is the units digit of c?
2
Let t be (-6975)/35 + (-4)/(-14). Let h = t - -416. Let o = h + -125. What is the tens digit of o?
9
What is the thousands digit of (16 - 10) + -2 + 5998?
6
Suppose -16*k - 16*k = 1220864. What is the units digit of ((-1)/4 + -2)/(114/k)?
3
Let b(o) = -7*o**2 + 50*o + 187. Let c(u) = -4*u**2 + 25*u + 94. Let y(g) = -3*b(g) + 5*c(g). What is the tens digit of y(39)?
5
Let b = 1762 - -790. Suppose -29*k + 33*k = b. What is the units digit of k?
8
Let j(v) = 707*v - 10467. What is the ten thousands digit of j(102)?
6
Let f(x) = x**3 + 15*x**2 - 20*x - 38. Let d = -102 - -86. Let t be f(d). Suppose -s = 2*o - 18 - t, 78 = 2*s - o. What is the tens digit of s?
4
Suppose -3*a = 2*v - 7, -2*a + 5 = -v + 12. Suppose 3*c + 2*x - 1 = v, 2*x - 6 = -5*c. Suppose c = -3*w + 19 + 155. What is the tens digit of w?
5
Suppose -34*q + 499538 + 116773 = 110969. What is the hundreds digit of q?
8
Suppose -153*a = 9753 + 19011. Let w(m) = 84*m + 1. Let y be w(4). Let d = a + y. What is the tens digit of d?
4
Let s(m) = -m**3 + 14*m**2 + 16*m + 29. Let b(c) = 2*c**3 - 28*c**2 - 33*c - 59. Let t(a) = 2*b(a) + 5*s(a). What is the tens digit of t(11)?
4
Let m(v) = 4*v + 1. Let f(x) = x**2 - 6*x + 9. Let z be f(5). Let n be 3 + 8/z*-1. What is the units digit of m(n)?
5
Let w(b) = -b**3 + 2*b + 120. Suppose 3*z - 15 = -5*u, -u + 3*z - 10 = 5. Let d be w(u). Let l = 25 + d. What is the tens digit of l?
4
What is the thousands digit of 7200 + -5 + 5 + -3*25/(-15)?
7
Suppose -12*c - 225 = -17*c + 5*k, 16 = 4*k. Suppose -44*r = -c*r + 2980. What is the units digit of r?
6
Let c(v) = 288*v**2 - 132*v - 3. What is the units digit of c(-3)?
5
Suppose 107302 = 162*l - 400244. What is the thousands digit of l?
3
Suppose -22*s = s - 460. What is the hundreds digit of s/(-100) + 4882/10 + 1?
4
Let o(n) = 81*n**2 - 21*n - 42. What is the units digit of o(-10)?
8
What is the thousands digit of (-5)/(75/10)*(-15006)/(1 + 1)?
5
Let p(i) = i**3 - 18*i**2 + 20*i - 40. Let z be p(13). Let d = 1269 + z. What is the units digit of d?
4
What is the units digit of (3 - -4)*(24/(-56) - (-3338)/14)?
6
Suppose -7346 = -10*m + 3994. Suppose m = 3*f - d, 1662 = 4*f + 3*d + 163. What is the hundreds digit of f?
3
Let t = 37 + -41. What is the tens digit of ((-2784)/(-1 + -7))/((-6)/t)?
3
Let x be 3/2*(-78)/9. Let k(v) be the second derivative of -v**5/20 - v**4 + v**3/2 - 15*v**2/2 - 18*v. What is the hundreds digit of k(x)?
1
Let q(f) = -56*f - 597. What is the hundreds digit of q(-43)?
8
Suppose -2*y = -6, -4036 - 586 = -f + 3*y. What is the hundreds digit of f?
6
Suppose 2*i - 28043 = -11553. What is the units digit of i?
5
Suppose 435*v - 431*v - 204133 = -h, -5*v - 4*h = -255191. What is the units digit of v?
1
Suppose -12*g + 10003 = 1255. Suppose -v + g = 10*o - 14*o, -4*o = -3*v + 2195. What is the units digit of v?
3
Let v(q) = -1. Let a(z) = z - 4. Let r(k) = -5*a(k) + 10*v(k). Let y(b) = -b**3 + 12*b**2 + 30*b - 51. Let w be y(14). What is the tens digit of r(w)?
2
Let t = 92 + -49. Suppose 2*n - 44 = -0*k + 4*k, 0 = -4*n - k + t. What is the units digit of (-3)/n - 2070/(-24)?
6
Let f(j) = 12*j**3 - 2*j**2 - j + 7. Let n be f(-5). Let q = n - -2481. What is the units digit of q?
3
What is the tens digit of 39 - 29 - (-2123)/1?
3
What is the hundreds digit of 35972/40 - 33/110?
8
Suppose -767906 = 2*v - 98*v - 90626. What is the tens digit of v?
5
Let y(s) = -855*s - 1392. What is the thousands digit of y(-18)?
3
Suppose 63*v + 46*v - 1049407 = -40*v. What is the hundreds digit of v?
0
Let n(a) = -a**3 - 12*a**2 - 22*a - 16. Let u = -318 - -304. What is the tens digit of n(u)?
8
Let q(n) = -12 + 20*n + 16 + n**2 + n**2. Let r be q(-15). Let k = r - -129. What is the tens digit of k?
8
Let f(r) = 11*r**3 + 2*r**2 + 3*r - 8. Let x(p) = -3*p**2 - 5*p. Let h be x(-1). What is the tens digit of f(h)?
9
Let m be -8 + 6 - (-4 + 1). What is the hundreds digit of (0 + m)/((-12)/(-114))*34?
3
Suppose -160512 = -48*c + 16*c. What is the units digit of c?
6
Let r be (-10)/(-6) + -1 - 680500/(-750). Suppose 3*v - k = r, k - 151 = 4*v - 1360. What is the units digit of v?
1
Let l = -1146 - -3033. What is the hundreds digit of l?
8
Let c(m) = m**3 + 13*m**2 - 18*m + 14. Let a = 76 + -74. Let d(o) = -o**2 + o + 2. Let z(r) = a*d(r) + c(r). What is the units digit of z(-11)?
4
Let h = 200 + 748. Suppose 2*t - 762 = 4*a, -3*t - 4*a = -h - 195. What is the tens digit of t?
8
Let t(p) = -p**3 - 41*p**2 + 97*p - 691. What is the tens digit of t(-45)?
4
Let h = 54 - 54. Suppose v + 3 - 147 = h. Let i = v + -75. What is the units digit of i?
9
Let q be ((-2 + 3)*-9)/((-3)/4). Suppose 721 = q*b - 1115. What is the tens digit of b?
5
Suppose 43*u + 32 = 51*u. Suppose -u*d + 4*v = -628, v - 779 = -3*d - 2*d. What is the hundreds digit of d?
1
Suppose -j + u + 7 = 0, -2*u + 7*u - 5 = -3*j. Suppose -f - 3*l + 401 = 0, -3*f + j*l + 1213 - 52 = 0. What is the units digit of f?
2
Let s(k) = -4*k - 25. Let r(d) = -d - 1. Let b(n) = 10*r(n) - 2*s(n). Let u be b(-12). Suppose 5*g + 87 = 2*a - u, -a = -g - 68. What is the units digit of a?
3
Suppose -10 = -4*p + 3*a + 4, -4*a = -3*p + 14. Let j = -4 + 8. Suppose j*y - 6 = -p*y. What is the units di